
86
Evaluate 34 - (33 - -65) - -26.
-38
What is -20 + 0 + (-82 - (46 + -120))?
-28
20 - 9 - (-8 + 23 + (8 - 9 - 5))
2
What is the value of 18 - (-26 - -12) - (-97 - -133)?
-4
Calculate (9 - (-4 + 1)) + 100 + -102.
10
What is -23 - -14 - (9 - 26 - -2)?
6
Evaluate -20 - (-82 - -5 - (40 - 59)).
38
What is the value of 14 + (19 + -35 - 30) - -15?
-17
Calculate (13 - 79) + (1 - (7 + 9)) + 8.
-73
Evaluate (47 - -31) + -112 - 34.
-68
(9 - 69) + (3 - 40 - -35)
-62
Evaluate 5 + 0 + (-89 - -72 - (-36 + 5 + -2)).
21
What is ((8 - -32) + -16 - -18) + 3?
45
What is -112 - ((11 + -42 + -15 - -8) + 19)?
-93
Evaluate -56 + -5 + -3 + 15 + 3.
-46
((-4 - 3) + -67 - 7) + 480 + -463
-64
What is the value of -22 + 76 + -41 - (-2 + 13 - -2)?
0
Evaluate (-851 - -825) + (-1 - -61).
34
What is 59 - 36 - (4 - (-15 + 1))?
5
-11 - (4 + 10 + -32 - 41) - 23
25
-1 + (7 - (-18 + -4 + 9)) - -18
37
Evaluate -37 + 27 + 9 + -29 + 48.
18
Calculate 10 + (-13 - 2) + 81 + (7 - 17).
66
Calculate -43 - ((-25 - -87) + -73).
-32
-1 - -194 - (2770 + -2663)
86
What is 35 + 2 + -40 - 31?
-34
What is 255 - 244 - (-28 - -102)?
-63
-28 + 20 - ((6 - -1) + -24 + (-25 - -35))
-1
What is the value of -140 - (-4 + (-141 - -78))?
-73
Evaluate (-13 - (-10 + (-6 - -6))) + -66 - -12.
-57
What is (24 - 55) + 40 + 4?
13
Evaluate 38 - 11 - 46 - -41.
22
Calculate (-15 + -6 - (-4 + 2 + -1)) + (198 - 210).
-30
What is the value of 45 - (-16 + -37 + 57)?
41
What is the value of -2 + 114 + (-798 - -606)?
-80
-10 + 212 + -204 + (0 - 0) + 2 - 53
-53
What is the value of -48 + 24 + 30 + 46 + -27?
25
Evaluate 156 + -333 + 39 + 275.
137
Calculate 4 - 39 - (39 + -47).
-27
Calculate -19 - (-14 - -1 - -24 - 8 - (-3 + 1)).
-24
Evaluate 703 + -700 + (3 - 2 - (1 + -15)).
18
((-12 - -33) + -21 - -7) + 28 + -1
34
What is the value of (-343 - -385) + 7 + 1 + 6?
56
14 - (15 + (-17 - 19 - -19))
16
Calculate -179 + (14 - -39) + 22.
-104
Calculate -52 + 36 + (-38 - 17 - -25).
-46
(-3 - (15 + 14)) + -1
-33
What is the value of (8 - 2) + 35 + 6 + 6 + -16 + 6?
43
What is -3 - 17 - (30 + 24 - 116)?
42
What is (-16 - 0) + (-81 - -50 - -42) + (1 - 9)?
-13
15 - (-63 + (56 + -1 - 15) + -21)
59
What is (-39 + 10 + 10 - (4 - 102)) + -11 + 1?
69
Calculate (-154 - -67) + 106 + -69.
-50
-17 + (-18 + 28 + (7 - 10) - -6)
-4
What is the value of -20485 + 20278 - (-1 - 121)?
-85
What is 2 + -3 + -8 - (-14 - (-23 + 25))?
7
23 + (1 + 17 - (43 + -28))
26
What is 68 + 9 + -45 - 27?
5
Calculate -8 + -1 + 1 + (123 - (61 + 25)).
29
What is -6 + -6 - (33 - 11 - -17)?
-51
Evaluate 3 - 1 - (41 + -40 - (86 - (8 - 13))).
92
What is (-41 + -60 - -35) + 14?
-52
What is (3 + 0 + 8 - 21) + 0 - 32?
-42
8 - (-273 + 267 - (-1 - -24))
37
36 - (52 - (-46 + 21))
-41
Evaluate (5 - (1 + 4)) + 5 - 1 - (419 - 374).
-41
What is the value of (14 - (-52 - -32 - -58)) + -58?
-82
Evaluate -38 + -2 + (-1356 - -1369).
-27
What is (-5 - (8 + 41)) + 74 + -77 + (5 - 0)?
-52
What is -1 + 10 - (1 - -23 - 17) - (105 + -154)?
51
Calculate -7 + 21 + -6 + 20 + -7.
21
(16 - (1 + 54)) + 17
-22
Evaluate -32 - 0 - (-88 - -114) - -2.
-56
What is 0 + 21 + 19 + -5 + -36?
-1
(-20 + 2 + -14 - -126) + (-10 - (0 - -2))
82
What is the value of -11 + (-2 - -16 - (20 + -9)) - -6?
-2
(12 - 59) + -6 + (5 - -1) + 2
-45
Calculate -40 + (15 - -19 - 28) - (-8 + -1).
-25
What is -62 + (16 + -7 - -3 - (1 + 7 + -6))?
-52
Evaluate 3 + -9 + 27 + 25 + -45.
1
-17 + (44 + -66 - -25 - (2 + 8 + -4))
-20
What is (-4 + -14 - -11 - -9) + -11?
-9
What is -10 + -19 + (-1 - -7) + -6 + 11?
-18
(74 - (-10 - -41)) + -25 + -11 + (-1 - -4)
10
What is 3 - -36 - (5 - (-33 - -16))?
17
1 + -1 - -2 - (-457 + 468) - (-1 + 3)
-11
-107 - (12 + 0 + (-24 + -9 - 15 - -33))
-104
Evaluate -20 - (-1 - -1 - (103 - 95)).
-12
What is 5 - (0 - 33 - (-13 + -12 + 0 + 23))?
36
Calculate -4 + 7 + -4 + (36 - 16) + -72.
-53
What is the value of -61 + 48 - 19 - 14?
-46
Calculate -42 + (28 - 9) - -66.
43
(17 - (7 - 4)) + (23 - (11 + -9))
35
Evaluate -48 + (-5 - (-18 - 6)) - (3 - 15).
-17
Evaluate -32 + 121 + -33 - 106.
-50
What is (-14 - (-8 - -3)) + -3 + 5 + 2 + 51?
46
Calculate 32 + -48 + 13 + (23 - (-10 - -3)).
27
Calculate -64 + 39 + -54 + 30.
-49
Calculate 101 + -13 - ((-4 + 1 - -3) + 4).
84
What is the value of 39 - ((75 - 38) + -26)?
28
Calculate -6 + -1 + 0 + (-33 - -77) - (-6 - -10).
33
What is 3 + (11 - 15 - 74) + 4 + 51 + -42?
-62
What is -24 + (7 - -3) + 15 + (-83 - -12)?
-70
Calculate 1999 + -2038 + 29 + 0.
-10
(10 - 0 - (58 + -45)) + -32
-35
Calculate -1 + 0 + -685 + 745 - 35.
24
What is (2 - 3 - (61 + -67)) + 8 - 4?
9
What is 40 + -2 + 544 + -590?
-8
-9 + (-33 - -40) + 49 + 3
50
Evaluate (-61 - -24) + 56 + -11.
8
Evaluate (2 - 3 - -54) + -15 + 10 + 4 + 1.
53
What is the value of 79 - (-8 - 2 - (161 - 196))?
54
Evaluate 21 + (34 - 26) + -52.
-23
(-2 - (2 - 27) - 5) + (-119 - -127)
26
What is -47 + 89 + -61 - (-34 - 2)?
17
What is (16 - (-1 - -17)) + 24 + 18 - (0 - -5)?
37
What is the value of 404 - 415 - ((-6 - -4) + 23)?
-32
-11 + (-3 - (-23 + 6 + 1)) + 45
47
What is -59 + 25 - -11 - -53?
30
Calculate -11 - -17 - -1 - (64 - 4) - (-12 - -1).
-42
-63 - (-73 + 51 + -29)
-12
What is 3 + 3 + ((-18 - -18) + 4 - 13) - -79?
76
Evaluate (57 + -42 - 98) + 110.
27
0 + (5 - (-2 - 3)) + -11 - -134
133
What is 49 - (9 - (-35 - -21))?
26
Calculate -7 - (2 + -4) - (9 - -78 - 96).
4
What is -180 - (-107 - -35) - -140?
32
What is -47 - ((-9 - (8 + -38)) + 12)?
-80
What is 1 - (-38 - (16 - 26 - 1))?
28
What is 2 + 17 + (44 - 103) + -6?
-46
Evaluate 0 + 4 + 0 + (0 - -87) + (4460 - 4513).
38
What is the value of -5 + -2 - (-38 + 57 + -75)?
49
-1 + -72 - -1 - (-86 + (57 - -9))
-52
Calculate -54 + -41 + 135 - -20.
60
16 + (-4 - (-9 + 7) - ((-41 - -29) + 0))
26
What is 56 - (150 + -110 - (5 + 69))?
90
What is the value of -124 - -129 - (-9 + 11)?
3
Calculate 20 + 6 + -5 + (84 - 73 - 154).
-122
-11 + 11 - (0 + -2) - 5 - (280 + -279)
-4
What is 17 + -4 + 201 + -183 + 45?
76
(-2 - 12) + -35 + 13 + 3
-33
Evaluate 154 - (20 - (-178 - -75)).
31
Calculate (-20 - 0 - -15) + -11 - 14.
-30
Evaluate -14 + 10 + (5 - (-3 + (8 - 2)) - 28).
-30
Evaluate -170 - (-180 - (-124 + 88)).
-26
Calculate -17 - ((9 - 1 - (436 + -294)) + 16).
101
What is the value of (-65 - -68) + -3 - 23?
-23
What is the value of (-217 - -209) + (60 - (1 + 0)) + (0 - 9)?
42
Calculate -31 - -25 - (19 + -31).
6
Evaluate (-33 - -6) + -1048 + 1144.
69
Evaluate 14 + -3 + (-2 - 0) + 18 + (-3 - 1).
23
What is the value of -39 + -1 + -28 + (44 - 9) + 13?
-20
-53 + -2 + (126 - 269) + 138
-60
What is 35 + -1 - (6338 - 6357)?
53
What is the value of (6 - -7) + (94 - 139)?
-32
9 - (13 + -5) - (16 + (6 - 11)) - 58
-68
-2 + 15 + 0 + (4 - -3 - 76)
-56
What is (8 - 0) + (-2 - (0 + 0)) - 61?
-55
Calculate -39 + 35 - (51 + 0 - (-4 - (-4 - -8))).
-63
Calculate 14 + -2 + 7 + -23 + 5 - 0.
1
Evaluate 49 + -78 + 71 + 5 + -2 + (-7 - -2).
40
(6 - 8) + -230 + 271
39
What is -17 + -1 - (-13 + -47)?
42
What is 1 - (-8 + -7) - (364 + -221)?
-127
What is 78 + (23 + -67 - 42)?
-8
Evaluate 6 + -5 - 9 - (-7 - -13) - (1 - 4).
-11
Calculate (-25 - (-14 - -17 - 28)) + 58.
58
Calculate -10 + 1 + (20 + -3 + -15 - -2).
-5
What is 39 + 64 + -33 + -74?
-4
Evaluate 8 - (20 - 9) - 49.
-52
-94 + (37 - 27) - (-5 - 4)
-75
686 - 743 - (1 - (9 - 3))
-52
What is the value of (-101 - -233) + -114 + 9?
27
-7 + (-13 - (-15 + 26)) - 42
-73
Evaluate -26 + (10 - 3) + 98 - 27.
52
What is -17 - -55 - 77 - -89?
50
What is the value of (59 - 8) + -106 - -20?
-35
Calculate 109 + 4 + -122 - (-53 + -3 - 2).
49
What is the value of -4 + (-6 - (-11 - (5 - -21))) + -3?
24
Calculate -105 + 22 + 1 + 0 + (436 - 442).
-88
What is the value of (-1 - 20) + (93 - (150 + -67))?
-11
-10 - (2 + -16 + 7) - (5 - -6)
-14
What is 382 + -366 - (15 - 1) - (27 + -1 + 5)?
-29
What is the value of -7 + 3 - (-31 - (-3 + -14))?
10
Calculate 12 + (45 - 63 - -29) + (0 - 22).
1
-46 + (29 - 11) - -36 - (-1 - -75)
-66
What is the value of (-12 - -66) + -28 + (1 - -17)?
44
What is (-3 - 14) + 11 + (1 - 4)?
-9
(-679 - -546) + (117 - 28)
-44
What is the value of -14 - (-19 + 29 + -57 + -5 + 7)?
31
Evaluate (-21 - 3 - (-16 - -17)) + 5 + 2.
-18
Evaluate -141 + 0 - 5 - -157.
11
What is the value of 32 + (32 - (88 + -75))?
51
What is (-21 - -38) + -23 - (-1 - (-8 + 0 + 0))?
-13
-6 + 12 + -19 